{"id":7,"date":"2023-09-15T21:15:55","date_gmt":"2023-09-15T19:15:55","guid":{"rendered":"https:\/\/meetandgeek.de\/?page_id=7"},"modified":"2023-11-03T21:46:01","modified_gmt":"2023-11-03T20:46:01","slug":"ueber-uns","status":"publish","type":"page","link":"https:\/\/meetandgeek.de\/?page_id=7","title":{"rendered":"\u00dcber uns"},"content":{"rendered":"\n<p>Geeks gibt es \u00fcberall, auch auf dem &#8220;platten Land&#8221;, man muss sie nur finden!<\/p>\n\n\n\n<p>Diese Idee f\u00fchrte Anfang 2023 zu einer \u00f6ffentlichen Einladung, sich zu treffen und sich \u00fcber technische Themen auszutauschen. Diejenigen, die der Einladung folgten, brachten Erfahrungen aus den unterschiedlichsten Themenbereichen mit: Von Mechanik \u00fcber Elektronik, 3D-Druck, Programmierung und Mikrocontroller.<\/p>\n\n\n\n<p>Reges Interesse herrschte auch im Bezug auf die Themen Smarthome und erneuerbare Energien. Einige Interessierte beschlossen aus dem Stehgreif das Repaircafe Friesoythe zu gr\u00fcnden.<\/p>\n\n\n\n<p>Seit diesem initialen Impuls treffen sich die Interessierten in loser Zusammenkunft monatlich &#8211; in der Regel zun\u00e4chst zu einem vorher festegelegten Thema und anschlie\u00dfendem Gespr\u00e4chsaustausch.<\/p>\n\n\n\n<p>Perspektivisch ist geplant, an gemeinsamen Soft- und Hardwareprojekten zu arbeiten.<\/p>\n\n\n\n<p><a href=\"https:\/\/meetandgeek.de\/?page_id=75\" data-type=\"page\" data-id=\"75\">Bei Interesse komm gerne zu unserem n\u00e4chsten Treffen und melde dich in unserer Matrix-Gruppe an!<\/a><\/p>\n","protected":false},"excerpt":{"rendered":"<p>Geeks gibt es \u00fcberall, auch auf dem &#8220;platten Land&#8221;, man muss sie nur finden! Diese Idee f\u00fchrte Anfang 2023 zu einer \u00f6ffentlichen Einladung, sich zu treffen und sich \u00fcber technische Themen auszutauschen. Diejenigen, die der Einladung folgten, brachten Erfahrungen aus den unterschiedlichsten Themenbereichen mit: Von Mechanik \u00fcber Elektronik, 3D-Druck, Programmierung und Mikrocontroller. Reges Interesse herrschte&hellip; <a class=\"more-link\" href=\"https:\/\/meetandgeek.de\/?page_id=7\"><span class=\"screen-reader-text\">\u00dcber uns<\/span> weiterlesen<\/a><\/p>\n","protected":false},"author":1,"featured_media":0,"parent":0,"menu_order":0,"comment_status":"closed","ping_status":"closed","template":"","meta":{"footnotes":""},"class_list":["post-7","page","type-page","status-publish","hentry","entry"],"_links":{"self":[{"href":"https:\/\/meetandgeek.de\/index.php?rest_route=\/wp\/v2\/pages\/7","targetHints":{"allow":["GET"]}}],"collection":[{"href":"https:\/\/meetandgeek.de\/index.php?rest_route=\/wp\/v2\/pages"}],"about":[{"href":"https:\/\/meetandgeek.de\/index.php?rest_route=\/wp\/v2\/types\/page"}],"author":[{"embeddable":true,"href":"https:\/\/meetandgeek.de\/index.php?rest_route=\/wp\/v2\/users\/1"}],"replies":[{"embeddable":true,"href":"https:\/\/meetandgeek.de\/index.php?rest_route=%2Fwp%2Fv2%2Fcomments&post=7"}],"version-history":[{"count":4,"href":"https:\/\/meetandgeek.de\/index.php?rest_route=\/wp\/v2\/pages\/7\/revisions"}],"predecessor-version":[{"id":77,"href":"https:\/\/meetandgeek.de\/index.php?rest_route=\/wp\/v2\/pages\/7\/revisions\/77"}],"wp:attachment":[{"href":"https:\/\/meetandgeek.de\/index.php?rest_route=%2Fwp%2Fv2%2Fmedia&parent=7"}],"curies":[{"name":"wp","href":"https:\/\/api.w.org\/{rel}","templated":true}]}}